0*q - 286602 + 99585 = 495303. List the prime factors of q.
2, 2843
Let h(g) = 1241*g + 2705. What are the prime factors of h(6)?
10151
Suppose -2*c = -7*c - a - 1074, -c - a - 218 = 0. Let r = c + 425. List the prime factors of r.
211
Let i(t) = -2521*t - 15887. List the prime factors of i(-26).
3, 16553
Let f(q) = -q**3 + 41*q**2 - 27*q + 188. What are the prime factors of f(33)?
8009
Suppose 3*x + 10323 = -5*w, -5728 - 2532 = 4*w + 4*x. Let n = -956 - w. List the prime factors of n.
2, 277
Suppose -2327*u + 2334*u - 134127 = 0. What are the prime factors of u?
3, 2129
Let u = 39340 - 1111. What are the prime factors of u?
3, 12743
Let n = -20 + 24. Suppose -2*k - 3314 = -5*k - n*l, 2209 = 2*k + 3*l. What are the prime factors of (-1)/4 + k/8?
2, 3, 23
Suppose -129*j = 198*j - 42*j - 10634490. What are the prime factors of j?
2, 3, 691
Let f(l) = -389*l + 252. List the prime factors of f(-9).
3, 139
List the prime factors of (584091/18)/((-54)/(-36)).
3, 7211
Suppose 3*a + 15 = 0, 5*a - 9*a = 3*d - 17233. Suppose 936 = -9*j + d. List the prime factors of j.
5, 107
Let c(p) = 21*p**3 - 31*p**2 + 22*p + 145. What are the prime factors of c(14)?
149, 349
Suppose 4*p - 3*o + 68 = 6*p, 2*p - o = 84. Let z = 108 - p. What are the prime factors of z?
2, 17
Suppose -6*v + 29800 = 4*v. Suppose 3*s - 3*m = 2976, 3*s - v = 10*m - 9*m. Suppose c = 8*c - s. What are the prime factors of c?
2, 71
Let z(m) = -3*m + 13. Let g(o) = -8*o + 27. Let p(b) = 4*g(b) - 9*z(b). Suppose -k - 11 = -q + 3, -20 = 5*k + 5*q. List the prime factors of p(k).
2, 3
Suppose 5*s + 40 = -235. Let o = s + 57. Suppose -4*p = -3*g + 26, 0 = -g - 2*p - o*p + 30. What are the prime factors of g?
2, 7
Let w be -33*((-11)/3 + 2 - -1). List the prime factors of 867 + w - (-10)/(-2).
2, 13, 17
List the prime factors of 6363 + -5 + 14/(1 - -6).
2, 3, 5, 53
Let r = 86486 - 58451. List the prime factors of r.
3, 5, 7, 89
Let w = -744 + 979. What are the prime factors of -2*w*63/(-18)?
5, 7, 47
Let z(f) = -18*f**2 + f - 5. Let a = -43 + 40. Let b be z(a). Let u = -72 - b. List the prime factors of u.
2, 7
Let g(x) = 143*x - 173. Let y(f) = 71*f - 88. Let v(m) = 4*g(m) - 7*y(m). What are the prime factors of v(5)?
13, 23
Let i(x) = -1183*x - 3210. What are the prime factors of i(-22)?
2, 23, 31
Suppose 4*u - 12 = 0, -4*x - 3*u + 5385 + 12720 = 0. Suppose -16*b + x = -4*b. What are the prime factors of b?
13, 29
Suppose 8*n - 1158 = 23988 + 29526. What are the prime factors of n?
2, 3, 17, 67
Let f(k) = k**3 + 19*k**2 + 3*k + 60. Let p be ((19/(-3))/(-1))/((-8)/24). Let v be f(p). Suppose v*t = -162 + 423. List the prime factors of t.
3, 29
Let z(d) = d**3 - 13*d**2 - 37*d + 28. Let j be z(15). Let i = j - -519. What are the prime factors of i?
2, 13, 17
Let d = -169 + 31. Let a = 330 + d. What are the prime factors of a?
2, 3
Let v = -8968 - -13069. List the prime factors of v.
3, 1367
Let r(v) = -57*v + 39 + v**2 - 46*v + 164*v - 51*v. What are the prime factors of r(-7)?
2, 3
Let l(p) = -13*p**3 + p**2 + 6*p + 7. Let g be 2/9 + (272/(-36))/(-2). Suppose 0 = 3*v + 10 - g. What are the prime factors of l(v)?
103
Suppose -3*f - 18 = -6*f. Let t be f/(-21) + (-46)/(-14). Suppose t*i = -i + r + 51, 3*i - 62 = -4*r. What are the prime factors of i?
2, 7
Let f(o) = o**2 + 9*o + 4. Suppose h + 252 = 8*h. Let z = h + -27. List the prime factors of f(z).
2, 83
Suppose 162*y - 130447 = 1168307. What are the prime factors of y?
8017
Suppose 22 + 4 = 2*y. Let w(i) be the third derivative of i**6/120 - 11*i**5/60 - 5*i**4/6 + 31*i**3/6 - 124*i**2 - i. List the prime factors of w(y).
109
Let o be 2/17 + -3*294/(-306). Suppose 0 = -4*b - 3*u + 2142, -o*u = -0 - 6. List the prime factors of b.
2, 3, 89
Let v(s) = 154*s - 151. Let o be v(5). Let f = o + -337. List the prime factors of f.
2, 3, 47
Let w = 2 + 6. Let x be (-117)/(-36) + (-2)/w. Suppose -x*o - 2 = -26. List the prime factors of o.
2
Let v = 11975 - 5967. What are the prime factors of v?
2, 751
Let m = 640 - -535. List the prime factors of m.
5, 47
Suppose -9*x + 120410 - 11592 = -45451. List the prime factors of x.
61, 281
Suppose 4636 = -4*b - 4*d, 5*b - 5*d + 3437 = 2*b. What are the prime factors of 3 - (-6)/((-12)/b)?
2, 5, 29
Let r(b) be the second derivative of b**5/20 + b**4/3 + 2*b**3/3 - 3*b**2 - 62*b. List the prime factors of r(4).
2, 3, 23
Let n(p) = -107*p + 263. Let a be n(-6). Let h be 0 - (0/(-1))/3. Suppose h = -8*f + 3*f + a. What are the prime factors of f?
181
Let r(w) = -3*w**3 - 27*w**2 - 98*w - 2. List the prime factors of r(-17).
2, 5, 43
Let d(b) = b**2 - 9*b + 8. Let h be d(7). Let m(l) = -63*l - 30. Let a be m(h). Suppose a = 8*c - 2*c. What are the prime factors of c?
2, 29
Let p(k) = 20 + 2*k + k - 6*k**2 + 3*k**3 - 32. Let t(z) = 2*z - 6. Let m be t(5). List the prime factors of p(m).
2, 3
Let y(l) = 2*l**2 + 5*l + 4. Let v be y(-1). Let b be v - 2/((-4)/(-6)). List the prime factors of (19 + b)/((-2)/(-4)).
2, 17
Let a be 826/10 - (-27)/(-45). Suppose -5*w = -4*w - a. Suppose -2*x + 4*o = -w, -167 = -4*x + 2*o + 3*o. What are the prime factors of x?
43
Suppose 2 = -x + 24. Let w(j) = -1 + 1 + x + 5*j. List the prime factors of w(7).
3, 19
Let i(t) = -t**2 - 7*t + 15. Let y be i(2). List the prime factors of 5089/(-84)*y*4.
727
Let o = -53 + 81. Suppose 3*l + 16 = 5*m, -o = 2*l + 3*m + 8. List the prime factors of (l/(-8))/((-12)/(-760)).
5, 19
Let c(h) = 3866*h - 45. What are the prime factors of c(11)?
23, 1847
Suppose -4*u + 16 = 4*u, q - 30079 = u. What are the prime factors of q?
3, 37, 271
Let v(a) be the first derivative of -45*a**2 - 338*a + 125. List the prime factors of v(-15).
2, 11, 23
Let i = -6663 - -11717. List the prime factors of i.
2, 7, 19
Let j(u) = u**2 + 11*u + 32. Let y be j(-5). Suppose 4*s = -7*m + 2*m + 2347, -y*m + 950 = -4*s. What are the prime factors of m?
3, 157
Suppose 25*y - 216 = 7*y. Suppose -y*m + 1278 = -498. What are the prime factors of m?
2, 37
Let x(d) = -18*d + 6 + 36*d - 24*d. Let f be x(-5). Let i = f + -31. What are the prime factors of i?
5
Let t be 1*4 + (-1 - -112). Let n(y) = 3*y**2 + 14*y - 11. Let x be n(12). Suppose b - 2*o - t = 0, -b - 4*o + x = 4*b. List the prime factors of b.
3, 13
Let j(y) = 3*y**3 - 2*y**2 + y + 1. Let m be j(1). Suppose 3*l = -r - m*r + 1010, -4*r + 4*l = -1024. What are the prime factors of r?
2, 127
Let q(l) = -l**3 - 14*l**2 - 12*l + 9. Let u be q(-11). Let z be (10/30)/(2/u). Let c = 162 + z. List the prime factors of c.
5
Let w = -16093 - -20295. What are the prime factors of w?
2, 11, 191
Suppose -4*s + 5*p = -17319 - 22604, -4*p = -4*s + 39916. List the prime factors of s.
2, 3, 277
Let y(j) = 42*j**3 - 12*j**2 + 117*j - 885. What are the prime factors of y(8)?
3, 13, 41
Let c = -809 - -290. Let o be 5 + 52/(-8) - c/2. Let g = 443 - o. What are the prime factors of g?
5, 37
Let r = 93 + -93. Suppose -16*h + 17*h = 2*c - 222, r = 2*c - 4*h - 216. What are the prime factors of c?
2, 7
Suppose -5*r = 7*r - r. Let j = 10 - 3. Suppose 910 = -r*q + j*q. List the prime factors of q.
2, 5, 13
Let h = 3322 - 2462. List the prime factors of h.
2, 5, 43
Let c(d) = -73*d - 544. List the prime factors of c(-23).
5, 227
Suppose q = 4*w - 5*w + 8, -q - 2*w + 12 = 0. Suppose -q*m = -11*m + 2093. Suppose -m = -3*l + 133. List the prime factors of l.
2, 3
Suppose 5*m = -5*u + 3*m + 75, -2*m + 41 = 3*u. Let x(a) = 6. Let y(b) = b - 56. Let o(r) = -4*x(r) - y(r). List the prime factors of o(u).
3, 5
Let q = -1107 - -7705. What are the prime factors of q?
2, 3299
Suppose -g = -0*g - 1, 4*c + 5*g = -7. Let m be 612/144*(-1)/((-2)/(-8)). List the prime factors of m/(((-2)/c)/((-2)/3)).
17
Suppose 7*j - 12*j = -85. Let o(l) = l**3 - 17*l**2 + 12*l + 12. Let s be o(j). Let v = s - 103. What are the prime factors of v?
113
Let b = -1 - 15. Let r be (b/(-40))/((-2)/(-5)). What are the prime factors of 20/3*(11/r - 2)?
2, 3, 5
Suppose 0 = -10*n + 5323 + 3917. Let g be n/36 + 4/(-6). List the prime factors of g - ((-2 - 2) + 4).
5
Suppose 130496 + 1512069 - 354817 = 37*s. What are the prime factors of s?
2, 7, 11, 113
Let s(b) = b**2 + 14*b - 22. What are the prime factors of s(-81)?
5, 23, 47
Let p(t) = -7*t**3 - 13*t**2 - 9*t - 2. Let u be p(-3). Let b 